2 + 5*v - 4. Let x(j) = -4*j**2 + 4*j - 4. Let m(b) = -4*x(b) + 3*y(b). Determine m(c).
4
Let o(z) = 7*z + 9. Let f(u) = 4*u - 4. Let i be f(3). Let k = -3 + i. Let s(x) = -11*x - 13. Let y(m) = k*s(m) + 8*o(m). Calculate y(-3).
4
Let w(c) = -c**3 + 17*c**2 + 17*c + 18. Let h be w(18). Let f(j) be the second derivative of 7/2*j**2 - 1/6*j**3 + 2*j + h. What is f(0)?
7
Suppose 0 = -0*r - 3*r - 15. Let h(q) = 2*q + 4. Let m(v) = -v + 7. Let g be m(0). Let n(a) = -6*a - 12. Let o(x) = g*h(x) + 2*n(x). Determine o(r).
-6
Suppose 4*s + 4 + 9 = a, 4*a = 4*s + 4. Suppose -2*g + m - 4*m = -34, -2*m = 3*g - 46. Let n(f) = g - 3*f - 10 - 8. Give n(s).
8
Let j(l) = 3*l - 2*l + 1 + 6*l**2 + 4*l**2. Let y = 0 + 2. Suppose 1 = -3*p - y. What is j(p)?
10
Let k(j) be the first derivative of -j**2/2 + 3. Suppose -3*v - 4 = -2*v - 3*o, -5*o + 9 = -4*v. Let g(l) = 7*l - 3. Let x(t) = v*g(t) - 6*k(t). Determine x(0).
3
Let m(u) = -u**2 + 6*u - 6. Suppose -9*p + 6*p + 21 = 0. What is m(p)?
-13
Let d(p) = 2*p + 1. Let q(t) be the first derivative of 11*t**2/2 + t - 1. Let s be q(1). Suppose 0 = 2*c - l - s, -7 - 13 = 5*l. Give d(c).
9
Let u be 16/(-6) - (-6)/(-18). Let n be (4 - (0 - -3))*2. Let s(l) = -2 - l**3 + 2*l**n - 2*l + 2*l**3 + 3 + 0*l. Determine s(u).
-2
Let n(c) = -c**3 - 3*c**2 + 2*c - 4. Let l(f) = -4*f**2 + f + 1. Let a = 9 - 10. Let p be l(a). Give n(p).
4
Let h(o) = -o. Let t(x) = -2*x. Let w(k) = k - 9. Let s be w(7). Let p be t(s). Suppose -5*n - p*g = 22, 5*n - 6*g = -2*g + 2. What is h(n)?
2
Suppose 4*x + 5 - 29 = 0. Let b(y) be the first derivative of y**2/2 - 7*y - 1. Calculate b(x).
-1
Let y(s) = 3*s + 3. Let x(i) = 3*i - 6. Let w be x(8). Let r be ((-3)/9)/(2/w). What is y(r)?
-6
Let m be (6/(-12))/((-2)/(-16)). Let t(a) = 2*a - 8*a - 2 + 9*a + a**2. What is t(m)?
2
Let k(n) = 4*n**2 + 11*n - 4. Let w(y) = 3*y**2 + 10*y - 3. Let a(h) = -5*k(h) + 6*w(h). Suppose -22*v = -26*v + 16. Give a(v).
-10
Let c(h) be the first derivative of -4*h**2 + h - 3. What is c(1)?
-7
Let k(o) = o**3 - o**2 + 1. Suppose 5*f - 1 - 4 = 0. What is k(f)?
1
Let j(m) = 5*m + 2. Let z(w) = 5*w + 42. Let a be z(-9). What is j(a)?
-13
Let u(n) = 9 - 8 - n + 0. Let d = -5 - -4. Let w be d/(-3)*(2 - -13). Determine u(w).
-4
Let p(s) = -10*s - s + 23*s - 2 - 10*s. Give p(3).
4
Let x(n) = -15*n**2 + 2*n + 11. Let i(t) = -8*t**2 + t + 5. Let h(v) = 9*i(v) - 4*x(v). Calculate h(-1).
-12
Suppose -2*s + 16 = -4*g, -2*g - 3 = -2*s + 9. Suppose -k - m + 7 = -3*k, s*m = 4. Let a be 1 - (-12)/(k/(-1)). Let d(r) = -r + 4. What is d(a)?
-1
Let w(x) = -x**2 - 6*x - 4. Suppose 2*p = -0 - 10. Let n = p + 0. What is w(n)?
1
Suppose y + 0 = 3*d - 10, -4*y + 20 = 3*d. Let l = 6 - 4. Let h(m) = -m**l - 1 - 3*m + 2*m + 2*m**2. Give h(y).
1
Let q = -7 + 7. Let o = q - 4. Let n(h) = -h - 1. Determine n(o).
3
Suppose -3 = -r - 1. Let l(x) = 2*x + 6*x**r + 11*x**2 + 3 - 2 - 4*x**2. What is l(-1)?
12
Let j(i) be the third derivative of 0 + 0*i**3 - 1/24*i**4 + 1/15*i**5 + 0*i - 2*i**2. Determine j(-1).
5
Let a(x) = -x**2 + 8*x - 1. Let j be 4*(0 - 12/(-8)). Calculate a(j).
11
Let v(n) = 2*n + 3. Suppose -3*x - 3 = 3*f - 0*f, 2*f = 4*x - 26. Give v(x).
11
Let b(g) = 5*g**2 - 11*g + 28. Let t(z) = z**2 - 3*z + 7. Let s(i) = 2*b(i) - 9*t(i). Determine s(-5).
-7
Let l be (0/(-2))/(-3 - -4). Let m(j) = -j**3 - 6*j + 4. Let c(q) = -q + 1. Let t(z) = z + 6. Let a be t(-7). Let b(x) = a*m(x) + 6*c(x). What is b(l)?
2
Let o(t) = t + 3. Suppose 0 = 2*k - 5*k + 4*l - 20, -k = -5*l + 14. What is o(k)?
-1
Let s(r) = -r. Let a be s(-4). Let o(c) be the first derivative of c**2/2 - 2*c + 66. Calculate o(a).
2
Suppose 0 = 4*j - 5 - 7. Let d(n) = 2*n + 2. Calculate d(j).
8
Let n(k) be the third derivative of -k**4/24 + 8*k**2. What is n(5)?
-5
Let x(a) = -4 + 0 + 4*a + 7. What is x(3)?
15
Let k = -9 + 11. Let p(d) = k*d**2 + 2*d**2 + d - 3*d**2 - 1 - 6*d**2. Calculate p(1).
-5
Let o(n) = -n**2 + n - 2. Let l be o(0). Let j be (-31)/l - (-5)/(-10). Let i = j - 11. Let t(b) = b**3 - 5*b**2 + 3*b - 4. Give t(i).
-8
Let x(i) = -i**3 + 6*i**2 - 3*i + 6. Let c be 6/9*105/14. Determine x(c).
16
Suppose 0 = c + 4*q - 5, 2*c + 4*q = -0 + 6. Let r = 1 + c. Suppose -s = j + r, j - s - s = 10. Let z(a) = -a + 3. Calculate z(j).
1
Let t(f) = 5*f. Let w(n) = -n**3 + 4*n**2 - n + 3. Suppose 4*y + 3*m - 13 = 0, 2*m + 5 - 3 = 0. Let o be w(y). What is t(o)?
-5
Let z(d) = 2*d + 1. Suppose 3*c - 60 = -21. Let f = c + -18. Give z(f).
-9
Let q(u) = -2 - 2*u - u - 3 + 4*u. Let f be 1 + 10/2 - 1. Let s be q(f). Let j(m) = -m**2 + m + 5. Determine j(s).
5
Let d = 13 + -5. Let a be -10 + d - 1*-5. Let k(r) = -r**2 + 4*r - 2. Determine k(a).
1
Suppose 0 = 3*x + 3*l + 15, -3*x - 3*l + 20 = -7*l. Let m(d) = -d**3 + d + 8. Determine m(x).
8
Let t(p) = -4*p**3 - 10*p**2 - 9. Let y(n) = -5*n**3 - 11*n**2 + n - 10. Let s(f) = 6*t(f) - 5*y(f). Give s(6).
2
Let t(c) = -c**3 + 6*c**2 - 4*c + 1. Let u(q) = 0*q**3 - q**3 - 1 + 0*q**2 + q**2. Let x be u(-1). Let m = 4 + x. What is t(m)?
6
Let j(k) = -k + 3. Let c(x) = 2*x - 4. Let b(t) = 4*c(t) + 5*j(t). Let p(g) = -g**2 + 10*g - 9. Let i be p(9). Let u = i - 1. Determine b(u).
-4
Let w(s) be the third derivative of 1/8*s**4 - 1/3*s**3 + 1/120*s**6 + 0*s + 0 - 3*s**2 - 1/30*s**5. Calculate w(2).
4
Let h = 29 + -13. Let g(l) = -5*l**3 + 4 + 4*l**3 - 19*l**2 + h*l**2. Determine g(-3).
4
Let m(w) be the second derivative of 1/6*w**3 + 3/2*w**2 + 3*w + 0 + 1/60*w**5 - 1/12*w**4. Let n(s) be the first derivative of m(s). Determine n(2).
1
Suppose -10*q = -7*q. Let y(z) = -4 + z - 2*z + q*z. Give y(-2).
-2
Let s(z) = -9*z**2 - z - 1. Let c be 5*((-17)/5 + 3). Let o(q) = 45*q**2 + 5*q + 6. Let y(f) = c*o(f) - 11*s(f). Calculate y(1).
9
Let c(h) = -h**2 - h - 6. Let r(b) = -2*b**2 - b - 7. Let l(z) = 3*c(z) - 2*r(z). Let f be (-2)/((-4)/14) - 0. Suppose f*x = 2*x. Determine l(x).
-4
Let u(x) = x**2 - 3*x + 1. Suppose -b = 5*n - 29, 4*n - 36 = -8*b + 4*b. Suppose -r + 11 = -5*c - 11, n*c + 2*r = -16. Let t be (c - 0)/(-1*1). What is u(t)?
5
Let v(c) = 11*c + 3. Let t(w) be the second derivative of 0 - 7/6*w**3 + 4*w - w**2. Let x(h) = -8*t(h) - 5*v(h). Calculate x(5).
6
Let m(u) = u**2 - 4*u - 5. Suppose -q - 2*q + 5*o + 12 = 0, 0 = 2*o. Calculate m(q).
-5
Let t(z) = -9*z**2 + 1. Suppose -2*m + 4 = -6. Suppose 3*u + 2*u = d + 21, 11 = m*d + 4*u. Let a = -2 - d. Calculate t(a).
-8
Suppose -a = 8 - 7, -4*h = -5*a + 7. Let q(s) = -s**2 - 5*s - 1. Determine q(h).
5
Let q(l) = -l**3 - 4*l**2 + 7*l + 3. Suppose 0 = 3*u - 1 + 16. Let f be (-7 - -8)/(1/u). What is q(f)?
-7
Let u(x) = -x**2 + 3*x + 2. Let f(h) = -5*h - 2. Let g(p) = 5*p + 3. Let l(r) = -2*f(r) - 3*g(r). Let z be l(-2). Calculate u(z).
-8
Let l(x) = 6 - 2*x + x + 0*x + 2*x. Determine l(0).
6
Let j(w) = w**2 - w + 1. Let y(i) = 5*i**2 + 8. Let b(t) = 6*j(t) - y(t). Give b(7).
5
Let v(m) = 2*m**2. Suppose 21 = 3*f - 5*y, 3*y = -y - 12. What is v(f)?
8
Let m(o) be the third derivative of o**6/120 + o**5/60 + 19*o**3/6 + 10*o**2. Calculate m(0).
19
Let v(s) = 23*s - 2*s + 0 - 6 - 5. Let b(w) = -10*w + 5. Let k(c) = -13*b(c) - 6*v(c). Give k(-3).
-11
Let v(b) = b**3 - 4*b**2 - 2. Let q(w) = 3*w**2 + 1. Let u(z) = 3*q(z) + 2*v(z). Calculate u(1).
2
Let n(t) be the first derivative of 3 + 1/3*t**3 + 3*t + 3*t**2. Suppose 0 = o + 3 - 0. Calculate n(o).
-6
Let f(g) = g**2 + 7*g + 6. Let y be f(-4). Let x(j) = -j**2 - 6*j + 7. What is x(y)?
7
Let m(h) = 2*h**2 - 11*h + 8. Let a be m(8). Suppose -a = -3*o - 0*o. Suppose 5*f - o = f. Let k(z) = -z**3 + 3*z**2 + 5*z - 1. Give k(f).
3
Let l be -2*(6/(-4) + 1). Let p(i) = 2 - l + 3 - 2*i. Let f(g) = -g + 2. Let u be f(-2). Give p(u).
-4
Suppose -17 = -3*l + o, 2*l - 4*o + 2 = -0. Let m(r) = r + 8 + l*r - 11. Give m(2).
13
Suppose -5*p + p - 20 = 0. Let w = p - -5. Let a(q) be the third derivative of -q**6/120 + q**4/24 + q**3/2 + q**2. What is a(w)?
3
Let y(a) = -3*a. Suppose -4*d = -2*d + 6. Give y(d).
9
Suppose -g - 2*m = 2, 0 = -5*m - 0 - 5. Let v(s) be the third derivative of s**4/24 + 4*s**3/3 - 2*s**2. Determine v(g).
8
Let x(f) = -f**3 + 2*f**2 + 7*f + 10 - 4 - 7*f**2 + 2*f**2. What is x(-4)?
-6
Suppose -2*x - 3 + 7 = 0. Suppose -x*c = -3 - 1. Let z(h) = h**2 - 2. Calculate z(c).
2
Let f(k) = k**3 + 5*k**